
109
Let v(w) = -w**2 + 14*w + 54. Let p be v(18). Calculate the remainder when 26 is divided by 96/p*-3*4/8.
2
Suppose 3*z - 2*z - 44 = -2*c, 4*z = -16. Let p = 92 - 83. What is the remainder when c is divided by p?
6
Calculate the remainder when 255 is divided by (-73)/(-803) - (-2)/(22/351).
31
Let k(q) = 26*q - 112. Let s be k(16). Let i = s + -226. Calculate the remainder when i is divided by 41.
37
Let p = -127 - -127. Suppose 71*s - 69*s - 36 = p. Calculate the remainder when 124 is divided by s.
16
Suppose 32*y + 5202 = b + 29*y, 3*b - 15582 = -3*y. What is the remainder when b is divided by 50?
46
Let h be 24/42 + 13520/56. Suppose 35*v - l = 30*v + h, v + 3*l - 58 = 0. What is the remainder when 155 is divided by v?
8
Let d = -24 - -52. Suppose 4*n = 5*n + 14. Let v = n - -23. Calculate the remainder when d is divided by v.
1
Let s(y) = y**2 - 212*y - 2153. What is the remainder when 598 is divided by s(-10)?
62
Let n = -7 - 8. Let j = -35 - n. Let s = 27 + j. What is the remainder when 11 is divided by s?
4
Let r(o) = -o + 42. Let f be r(19). Let x = f + -17. Suppose 0 = -5*i + 15, b - 25 = 2*i - x*i. Calculate the remainder when 89 is divided by b.
11
Suppose f + 2*v - 23 = 0, -5*f = 70*v - 72*v - 79. Calculate the remainder when 1331 is divided by f.
5
What is the remainder when (-21 + 113)/(-23) + 4*43 is divided by 25?
18
Suppose 4*o = 3*b - 921, 0*b = 3*b - 2*o - 921. What is the remainder when b is divided by (-1701)/(-18)*24/36?
55
Let h(j) = -j**3 + 2*j**2 + 5*j + 1. Suppose 551*w - 47*w - 10871 = -11561 + 33450. What is the remainder when h(-6) is divided by w?
64
Suppose 104*t - 1325 = 99*t. Let s = -194 + t. Calculate the remainder when s is divided by 24.
23
Suppose -85 - 149 = -b. Let x = b + -160. What is the remainder when x is divided by 11?
8
Calculate the remainder when (131 + 2)/((-36)/(-1476)) is divided by 101.
100
Let t be 125/2*(-8)/10. Let v(j) = j**2 + j + 3. Calculate the remainder when 2*1/2 - (t + -1) is divided by v(-3).
7
Let a = 1 - -19. Suppose -x - 152 + 662 = -5*m, -3*m + 470 = x. Suppose -2*i = -7*i + x. Calculate the remainder when i is divided by a.
17
Suppose 0 = k - 3*q - 1031, -5*k - 216*q + 5105 = -221*q. Calculate the remainder when k is divided by 132.
92
Suppose -7*h - 6*h = -2574. What is the remainder when 58 is divided by (-2)/(-12) - (-4323)/h?
14
Suppose 5*j + 1120*o - 11954 = 1123*o, -3*o + 6 = 0. Calculate the remainder when j is divided by 27.
16
Suppose -6*v - 568 = -46. Let z = v + 89. Suppose -10*h = -9*h - 26. Calculate the remainder when h is divided by z.
0
Let f = 560 + 841. Suppose 15*c - 4434 = f. What is the remainder when c is divided by 23?
21
Suppose t - 5*g = 20, -g + 5*g = -3*t - 35. Let p = 22 - t. Suppose 4*l - 2*o - 316 = -5*o, 0 = -5*l + 2*o + 395. What is the remainder when l is divided by p?
25
Calculate the remainder when (9/1)/((-21900)/7325 - -3) is divided by 55.
54
Let a = -7789 + 7842. Calculate the remainder when 177 is divided by a.
18
Calculate the remainder when 149 - ((-1025)/85 + (-8860)/(-340) + -26) is divided by (16/4)/(2/6).
5
Suppose 0 = -f - 1, -4*a + 21 = 2*f - 25. What is the remainder when 212 is divided by a?
8
Suppose 0 = -61*k + 65*k - 464. Suppose k = 37*c - 36*c. Let p = 71 - 31. What is the remainder when c is divided by p?
36
Suppose -w - 2 = 0, -9*h + 10*h + 11*w = -6. Calculate the remainder when 587 is divided by h.
11
Let m(d) = d**3 + 16*d**2 + 49*d + 18. Suppose -13*i = 74 + 82. Calculate the remainder when 39 is divided by m(i).
3
Suppose 681 = 12*v + 153. Calculate the remainder when 75 is divided by v.
31
Let p(o) = -8*o**2 - 8*o + 15. Let f be p(3). Let m = 185 + f. What is the remainder when m is divided by 24?
8
Let x(k) = 2*k**2 - 37*k + 354. Calculate the remainder when 1501 is divided by x(15).
7
Suppose 6*x - x - 45 = 0. What is the remainder when 144 is divided by (14 - -1) + 12/(x/3)?
11
Suppose -2*i = -5*i - 4*m + 382, -501 = -4*i + 3*m. Suppose -4*l = 2*f + 311 - 415, 0 = 6*l - 5*f - 188. What is the remainder when i is divided by l?
14
Let b(m) = m - 7. Let w be b(5). Let i be (8 - (-301)/(-35)) + 291/(-15). Calculate the remainder when 10 is divided by ((-8)/w)/(i/(-15)).
1
Suppose -5*r = -t + 5 + 14, -2*t = 2*r + 10. Let o be 3/t*40/(-24). Let c(z) = 3*z**2 - 9*z + 10. Calculate the remainder when c(o) is divided by 21.
19
Let t = -45 - -47. Suppose -2*c + q + 62 = 0, -t*c + 60 = 2*q - 14. Suppose 2*d - 8 = -3*p + 13, 2*d + 4*p = 22. What is the remainder when c is divided by d?
6
Suppose 0 = 6*g - 0*g - 84. Suppose 50*z - 1500 - 1500 = 0. Calculate the remainder when z is divided by g.
4
Let g(q) = -q**2 + 36*q + 211. Let y = 0 + 6. Suppose -y = -2*d + 18. Calculate the remainder when d is divided by g(41).
0
Suppose -75*k + 43*k + 16448 = 0. What is the remainder when k is divided by 504?
10
Let h be -142*1/(-9) - 8/(-36). Let z be (h + -3)/(2/28). Suppose -3*w = -3, 4*g - 9 - z = -3*w. Calculate the remainder when g is divided by 13.
8
Let l(y) = y**3 + 7*y**2 + 6*y + 6. Let m be l(-6). Let g be 15/m*2*(-5 - -2). What is the remainder when 22 is divided by (42/g)/((-8)/20)?
1
Let a(r) = 2*r**2 - 33*r - 18. Let m be a(17). Let v(i) = -94*i**3 - 5*i**2 - 2*i + 2. What is the remainder when v(m) is divided by 29?
6
Let t be 8/6*16/(192/7767). Suppose 768 + t = 7*y. What is the remainder when y is divided by 26?
25
Let t(l) = -2*l - 28 + 4*l - 5 - 3*l + 9*l. Let d = -22 - -37. What is the remainder when t(d) is divided by 30?
27
Suppose 3*g + 637 = 5*v, -2*v = -8*g + 3*g - 251. Let i = v + -96. Suppose -5*q + 301 + 9 = 0. What is the remainder when q is divided by i?
30
Let o be (-11)/(-11)*2*2. Suppose a - 4 = -0*a, a + 100 = o*k. Let c = k + -25. What is the remainder when 6 is divided by c?
0
Suppose -2*j = -4*q - 118, 5*j + 34 = -5*q + 254. Suppose 2*h + j = 3*z, 5*h = z - 22 - 16. Calculate the remainder when 64 is divided by z.
12
Let m(c) = -3*c + 326*c**2 + 3*c + 2 - 300*c**2. Calculate the remainder when m(2) is divided by 28.
22
Suppose 8*p = -2*p + 240. Suppose 0 = -5*y + 3*m + 42, y = -3*y + 5*m + 44. Suppose 8*j - y*j = 18. Calculate the remainder when p is divided by j.
6
Let s(a) = 238*a - 4916. What is the remainder when s(36) is divided by 29?
27
Let t(s) be the first derivative of -65*s**4/4 + 2*s**3/3 + 11*s**2/2 + 10*s - 14. What is the remainder when t(-1) is divided by 57?
9
Suppose 5*n + 5*k = 672 - 392, 0 = -3*n + 2*k + 193. What is the remainder when 72 is divided by n?
11
Suppose -17*x = -11*x. Suppose -5*m + m + 60 = x. Calculate the remainder when 135 is divided by (m/12 - 1)*8 - -4.
3
Let r = 85 - 80. Suppose -2*p + r*q + 9 = 0, 2*q + 12 = -2*p + 4*p. Let d(x) = 5*x - 6. Calculate the remainder when d(5) is divided by p.
5
Let n(f) = 78*f + 1249. What is the remainder when 634 is divided by n(-16)?
0
Suppose 179 + 392 = 77*f - 1046. What is the remainder when 68 is divided by f?
5
Let a be ((-2)/6)/((-17)/(-102)). Suppose -4*x + 362 = 50. Calculate the remainder when x is divided by -69 + 108 - 1/(1/a).
37
Let w(r) = 11*r - 31. Suppose -122 = -31*o + 95. Calculate the remainder when w(o) is divided by 31.
15
Let m(p) = -p**3 - 6*p**2 + 15*p + 14. Let j(u) = 30*u. Let d be j(1). Let s = d - -8. Calculate the remainder when s is divided by m(-8).
16
Suppose -3*y - 85 = -5*y + x, x + 5 = 0. Let b = y - -5. What is the remainder when b is divided by 24?
21
Suppose 78*m - 552 = 74*m - 4*t, 3*t = 4*m - 538. What is the remainder when m is divided by 126?
10
Let r(y) = -y**3 + 16*y**2 - 28*y + 5. Let z = 29 + -15. Suppose -4*o = 2*x - 6, -4*x = -8*x - 4*o + 12. Calculate the remainder when r(z) is divided by x.
2
Let o = -63 - -148. Let f = 249 - 103. Let a = f - o. What is the remainder when a is divided by 31?
30
Let p(w) = 28*w + 4. Let y be p(2). Suppose 5*a + 21 = b, -a + 17 = -3*b - 6*a. Calculate the remainder when ((-8)/(-6))/(y/45) is divided by b.
0
Suppose -202*x - 1408 = -218*x. What is the remainder when x is divided by 27?
7
Suppose -10*y + 14 = -6. Suppose 2*a = -3*x + 27, 0*x - 33 = -3*a - y*x. Suppose 5*h = 3*h + 12. What is the remainder when a is divided by h?
3
Let h = -3606 + 3752. Calculate the remainder when 569 is divided by h.
131
Let a(v) = v**3 + 13*v**2 + 3*